{"id":51,"date":"2024-02-08T10:01:05","date_gmt":"2024-02-08T10:01:05","guid":{"rendered":"https:\/\/new.smpiast.com.pl\/?page_id=51"},"modified":"2025-10-07T13:44:31","modified_gmt":"2025-10-07T11:44:31","slug":"do-pobrania","status":"publish","type":"page","link":"https:\/\/smpiast.com.pl\/?page_id=51","title":{"rendered":"Do pobrania"},"content":{"rendered":"\n<h4 class=\"wp-block-heading\">Formularze do pobrania:<\/h4>\n\n\n\n<div class=\"wp-block-file\"><a id=\"wp-block-file--media-aac248ce-2e04-4278-b3a9-53505487a3c5\" href=\"https:\/\/smpiast.com.pl\/wp-content\/uploads\/2024\/02\/Zgoda-na-otrzymywanie-informacji-w-formie-elektronicznej.pdf\">Zgoda na otrzymywanie informacji w formie elektronicznej<\/a><a href=\"https:\/\/smpiast.com.pl\/wp-content\/uploads\/2024\/02\/Zgoda-na-otrzymywanie-informacji-w-formie-elektronicznej.pdf\" class=\"wp-block-file__button wp-element-button\" download aria-describedby=\"wp-block-file--media-aac248ce-2e04-4278-b3a9-53505487a3c5\">Pobierz<\/a><\/div>\n\n\n\n<div class=\"wp-block-file\"><a id=\"wp-block-file--media-694f5d28-acc7-4600-b1f1-dbc46858ae57\" href=\"https:\/\/smpiast.com.pl\/wp-content\/uploads\/2024\/02\/Karta-odczytu-wodomierza.pdf\">Karta odczytu wodomierza<\/a><a href=\"https:\/\/smpiast.com.pl\/wp-content\/uploads\/2024\/02\/Karta-odczytu-wodomierza.pdf\" class=\"wp-block-file__button wp-element-button\" download aria-describedby=\"wp-block-file--media-694f5d28-acc7-4600-b1f1-dbc46858ae57\">Pobierz<\/a><\/div>\n\n\n\n<div class=\"wp-block-file\"><a id=\"wp-block-file--media-41f48261-341a-4751-ad84-5c40f71bb8c0\" href=\"https:\/\/smpiast.com.pl\/wp-content\/uploads\/2024\/02\/Zlecenie-zaplaty.pdf\">Zlecenie zap\u0142aty<\/a><a href=\"https:\/\/smpiast.com.pl\/wp-content\/uploads\/2024\/02\/Zlecenie-zaplaty.pdf\" class=\"wp-block-file__button wp-element-button\" download aria-describedby=\"wp-block-file--media-41f48261-341a-4751-ad84-5c40f71bb8c0\">Pobierz<\/a><\/div>\n\n\n\n<div class=\"wp-block-file\"><a id=\"wp-block-file--media-bfe85a92-a09b-42e8-8a42-ab52da1705f2\" href=\"https:\/\/smpiast.com.pl\/wp-content\/uploads\/2024\/02\/Oswiadczenie-o-ilosci-zamieszkalych-osob.pdf\">Oswiadczenie o ilo\u015bci zamieszka\u0142ych os\u00f3b<\/a><a href=\"https:\/\/smpiast.com.pl\/wp-content\/uploads\/2024\/02\/Oswiadczenie-o-ilosci-zamieszkalych-osob.pdf\" class=\"wp-block-file__button wp-element-button\" download aria-describedby=\"wp-block-file--media-bfe85a92-a09b-42e8-8a42-ab52da1705f2\">Pobierz<\/a><\/div>\n\n\n\n<div class=\"wp-block-file\"><a id=\"wp-block-file--media-38e927a3-55f8-454e-a4e2-1e20ddb2cfd3\" href=\"https:\/\/smpiast.com.pl\/wp-content\/uploads\/2025\/09\/Wniosek-o-przeniesienie-wlasnosci-lokalu.pdf\">Wniosek o przeniesienie w\u0142asno\u015bci lokalu<\/a><a href=\"https:\/\/smpiast.com.pl\/wp-content\/uploads\/2025\/09\/Wniosek-o-przeniesienie-wlasnosci-lokalu.pdf\" class=\"wp-block-file__button wp-element-button\" download aria-describedby=\"wp-block-file--media-38e927a3-55f8-454e-a4e2-1e20ddb2cfd3\">Pobierz<\/a><\/div>\n\n\n\n<div class=\"wp-block-file\"><a id=\"wp-block-file--media-06d6c806-9817-4158-bdea-f4d5094f754c\" href=\"https:\/\/smpiast.com.pl\/wp-content\/uploads\/2024\/02\/Zmiana-adresu-do-korespondencji-z-SM-PIAST.pdf\">Zmiana adresu do korespondencji z SM PIAST<\/a><a href=\"https:\/\/smpiast.com.pl\/wp-content\/uploads\/2024\/02\/Zmiana-adresu-do-korespondencji-z-SM-PIAST.pdf\" class=\"wp-block-file__button wp-element-button\" download aria-describedby=\"wp-block-file--media-06d6c806-9817-4158-bdea-f4d5094f754c\">Pobierz<\/a><\/div>\n\n\n\n<div class=\"wp-block-file\"><a id=\"wp-block-file--media-13a726fb-8606-4045-8116-16d631d09ddf\" href=\"https:\/\/smpiast.com.pl\/wp-content\/uploads\/2024\/02\/Zgloszenie-zmiany-nazwiska.pdf\">Zg\u0142oszenie zmiany nazwiska<\/a><a href=\"https:\/\/smpiast.com.pl\/wp-content\/uploads\/2024\/02\/Zgloszenie-zmiany-nazwiska.pdf\" class=\"wp-block-file__button wp-element-button\" download aria-describedby=\"wp-block-file--media-13a726fb-8606-4045-8116-16d631d09ddf\">Pobierz<\/a><\/div>\n\n\n\n<div class=\"wp-block-file\"><a id=\"wp-block-file--media-44f7df29-77e7-4c0d-805c-1aeac4482b9c\" href=\"https:\/\/smpiast.com.pl\/wp-content\/uploads\/2024\/02\/Zgloszenie-zgonu-czlonka-Spoldzielni-SM-PIAST.pdf\">Zg\u0142oszenie zgonu cz\u0142onka Sp\u00f3\u0142dzielni SM PIAST<\/a><a href=\"https:\/\/smpiast.com.pl\/wp-content\/uploads\/2024\/02\/Zgloszenie-zgonu-czlonka-Spoldzielni-SM-PIAST.pdf\" class=\"wp-block-file__button wp-element-button\" download aria-describedby=\"wp-block-file--media-44f7df29-77e7-4c0d-805c-1aeac4482b9c\">Pobierz<\/a><\/div>\n\n\n\n<div class=\"wp-block-file\"><a id=\"wp-block-file--media-8a178e88-16d4-4524-b441-4ba0b29f615c\" href=\"https:\/\/smpiast.com.pl\/wp-content\/uploads\/2025\/10\/Deklaracja-o-przystapieniu-do-Spoldzielni-4.pdf\">Deklaracja o przyst\u0105pieniu do Sp\u00f3\u0142dzielni<\/a><a href=\"https:\/\/smpiast.com.pl\/wp-content\/uploads\/2025\/10\/Deklaracja-o-przystapieniu-do-Spoldzielni-4.pdf\" class=\"wp-block-file__button wp-element-button\" download aria-describedby=\"wp-block-file--media-8a178e88-16d4-4524-b441-4ba0b29f615c\">Pobierz<\/a><\/div>\n\n\n\n<div class=\"wp-block-file\"><a id=\"wp-block-file--media-f579b8fe-1241-4eb2-b8e6-24f7f9067faf\" href=\"https:\/\/smpiast.com.pl\/wp-content\/uploads\/2025\/07\/Pelnomocnictwo-do-zalatwiana-spraw-zwiazanych-z-lokalem-mieszkalnym-1.pdf\">Pe\u0142nomocnictwo do za\u0142atwiana spraw zwi\u0105zanych z lokalem mieszkalnym<\/a><a href=\"https:\/\/smpiast.com.pl\/wp-content\/uploads\/2025\/07\/Pelnomocnictwo-do-zalatwiana-spraw-zwiazanych-z-lokalem-mieszkalnym-1.pdf\" class=\"wp-block-file__button wp-element-button\" download aria-describedby=\"wp-block-file--media-f579b8fe-1241-4eb2-b8e6-24f7f9067faf\">Pobierz<\/a><\/div>\n","protected":false},"excerpt":{"rendered":"<p>Formularze do pobrania:<\/p>\n","protected":false},"author":105,"featured_media":0,"parent":0,"menu_order":0,"comment_status":"closed","ping_status":"closed","template":"","meta":{"_themeisle_gutenberg_block_has_review":false,"footnotes":""},"class_list":["post-51","page","type-page","status-publish","hentry"],"blocksy_meta":[],"_links":{"self":[{"href":"https:\/\/smpiast.com.pl\/index.php?rest_route=\/wp\/v2\/pages\/51","targetHints":{"allow":["GET"]}}],"collection":[{"href":"https:\/\/smpiast.com.pl\/index.php?rest_route=\/wp\/v2\/pages"}],"about":[{"href":"https:\/\/smpiast.com.pl\/index.php?rest_route=\/wp\/v2\/types\/page"}],"author":[{"embeddable":true,"href":"https:\/\/smpiast.com.pl\/index.php?rest_route=\/wp\/v2\/users\/105"}],"replies":[{"embeddable":true,"href":"https:\/\/smpiast.com.pl\/index.php?rest_route=%2Fwp%2Fv2%2Fcomments&post=51"}],"version-history":[{"count":9,"href":"https:\/\/smpiast.com.pl\/index.php?rest_route=\/wp\/v2\/pages\/51\/revisions"}],"predecessor-version":[{"id":3584,"href":"https:\/\/smpiast.com.pl\/index.php?rest_route=\/wp\/v2\/pages\/51\/revisions\/3584"}],"wp:attachment":[{"href":"https:\/\/smpiast.com.pl\/index.php?rest_route=%2Fwp%2Fv2%2Fmedia&parent=51"}],"curies":[{"name":"wp","href":"https:\/\/api.w.org\/{rel}","templated":true}]}}