{"id":3913,"date":"2025-11-07T21:18:43","date_gmt":"2025-11-07T20:18:43","guid":{"rendered":"https:\/\/smpiast.com.pl\/?page_id=3913"},"modified":"2026-04-30T20:56:20","modified_gmt":"2026-04-30T18:56:20","slug":"komisje-rady-nadzorczej","status":"publish","type":"page","link":"https:\/\/smpiast.com.pl\/?page_id=3913","title":{"rendered":"KOMISJE RADY NADZORCZEJ"},"content":{"rendered":"\n<div class=\"wp-block-columns is-layout-flex wp-container-core-columns-is-layout-28f84493 wp-block-columns-is-layout-flex\">\n<div class=\"wp-block-column is-layout-flow wp-block-column-is-layout-flow\">\n<p><strong>Komisja Remontowo-Inwestycyjna<\/strong>:<br>Maksymczyk Zbigniew \u2013 Przewodnicz\u0105cy<br>Pomian Tomasz \u2013 Zast\u0119pca Przewodnicz\u0105cego<br>Kolus Emilia \u2013 Sekretarz<br>Fija\u0142 Roman \u2013 Cz\u0142onek Komisji<br>Bazanowski Wies\u0142aw \u2013 Cz\u0142onek Komisji<br>Jaros Piotr \u2013 Cz\u0142onek Komisji<\/p>\n<\/div>\n\n\n\n<div class=\"wp-block-column is-layout-flow wp-block-column-is-layout-flow\">\n<p><strong>Komisja Gospodarki Zasobami Mieszkaniowymi:<\/strong><br>Jaros Piotr \u2013 Przewodnicz\u0105cy<br>Fija\u0142 Roman \u2013 Zast\u0119pca Przewodnicz\u0105cego<br>Bazanowski Wies\u0142aw \u2013 Sekretarz<br>Pomian Tomasz \u2013 Cz\u0142onek Komisji<br>Ko\u0142odziej Marek \u2013 Cz\u0142onek Komisji<\/p>\n<\/div>\n<\/div>\n\n\n\n<div class=\"wp-block-columns is-layout-flex wp-container-core-columns-is-layout-28f84493 wp-block-columns-is-layout-flex\">\n<div class=\"wp-block-column is-layout-flow wp-block-column-is-layout-flow\">\n<p><strong>Komisja ds. Spo\u0142ecznych i Kulturalnych:<\/strong><br>Pomian Tomasz \u2013 Przewodnicz\u0105cy<br>Roman Fija\u0142 \u2013 Zast\u0119pca Przewodnicz\u0105cego<br>Jednor\u00f3g Ma\u0142gorzata \u2013 Sekretarz<\/p>\n<\/div>\n\n\n\n<div class=\"wp-block-column is-layout-flow wp-block-column-is-layout-flow\">\n<p><strong>Komisja Statutowo-Regulaminowa:<\/strong><br>Gie\u0142da Ma\u0142gorzata \u2013 Przewodnicz\u0105ca<br>Bugiel Maciej \u2013 Zast\u0119pca Przewodnicz\u0105cej<br>\u0106wikowska Magdalena \u2013 Sekretarz<\/p>\n<\/div>\n<\/div>\n\n\n\n<p><strong>Komisja Rewizyjna:<\/strong><br>\u0106wikowska Magdalena<br>Kolus Emilia<br>Pomian Tomasz<br>Maksymczyk Zbigniew<\/p>\n","protected":false},"excerpt":{"rendered":"<p>Komisja Remontowo-Inwestycyjna:Maksymczyk Zbigniew \u2013 Przewodnicz\u0105cyPomian Tomasz \u2013 Zast\u0119pca Przewodnicz\u0105cegoKolus Emilia \u2013 SekretarzFija\u0142 Roman \u2013 Cz\u0142onek KomisjiBazanowski Wies\u0142aw \u2013 Cz\u0142onek KomisjiJaros Piotr \u2013 Cz\u0142onek Komisji Komisja Gospodarki Zasobami Mieszkaniowymi:Jaros Piotr \u2013 [&hellip;]<\/p>\n","protected":false},"author":105,"featured_media":0,"parent":21,"menu_order":0,"comment_status":"closed","ping_status":"closed","template":"","meta":{"_themeisle_gutenberg_block_has_review":false,"footnotes":""},"class_list":["post-3913","page","type-page","status-publish","hentry"],"blocksy_meta":[],"_links":{"self":[{"href":"https:\/\/smpiast.com.pl\/index.php?rest_route=\/wp\/v2\/pages\/3913","targetHints":{"allow":["GET"]}}],"collection":[{"href":"https:\/\/smpiast.com.pl\/index.php?rest_route=\/wp\/v2\/pages"}],"about":[{"href":"https:\/\/smpiast.com.pl\/index.php?rest_route=\/wp\/v2\/types\/page"}],"author":[{"embeddable":true,"href":"https:\/\/smpiast.com.pl\/index.php?rest_route=\/wp\/v2\/users\/105"}],"replies":[{"embeddable":true,"href":"https:\/\/smpiast.com.pl\/index.php?rest_route=%2Fwp%2Fv2%2Fcomments&post=3913"}],"version-history":[{"count":3,"href":"https:\/\/smpiast.com.pl\/index.php?rest_route=\/wp\/v2\/pages\/3913\/revisions"}],"predecessor-version":[{"id":4507,"href":"https:\/\/smpiast.com.pl\/index.php?rest_route=\/wp\/v2\/pages\/3913\/revisions\/4507"}],"up":[{"embeddable":true,"href":"https:\/\/smpiast.com.pl\/index.php?rest_route=\/wp\/v2\/pages\/21"}],"wp:attachment":[{"href":"https:\/\/smpiast.com.pl\/index.php?rest_route=%2Fwp%2Fv2%2Fmedia&parent=3913"}],"curies":[{"name":"wp","href":"https:\/\/api.w.org\/{rel}","templated":true}]}}